{"id":1239,"date":"2022-01-02T22:50:57","date_gmt":"2022-01-02T21:50:57","guid":{"rendered":"http:\/\/franziskus-ameland.de\/?page_id=1239"},"modified":"2024-03-08T15:14:23","modified_gmt":"2024-03-08T14:14:23","slug":"das-team","status":"publish","type":"page","link":"http:\/\/franziskus-ameland.de\/?page_id=1239","title":{"rendered":"Das Team 2024"},"content":{"rendered":"\n\n\n<div class=\"wp-block-media-text alignwide is-stacked-on-mobile\"><figure class=\"wp-block-media-text__media\"><img loading=\"lazy\" decoding=\"async\" width=\"919\" height=\"914\" src=\"http:\/\/franziskus-ameland.de\/wp-content\/uploads\/2024\/03\/Stefan.jpeg\" alt=\"\" class=\"wp-image-1691 size-full\" srcset=\"http:\/\/franziskus-ameland.de\/wp-content\/uploads\/2024\/03\/Stefan.jpeg 919w, http:\/\/franziskus-ameland.de\/wp-content\/uploads\/2024\/03\/Stefan-300x298.jpeg 300w, http:\/\/franziskus-ameland.de\/wp-content\/uploads\/2024\/03\/Stefan-150x150.jpeg 150w, http:\/\/franziskus-ameland.de\/wp-content\/uploads\/2024\/03\/Stefan-768x764.jpeg 768w\" sizes=\"(max-width: 919px) 100vw, 919px\" \/><\/figure><div class=\"wp-block-media-text__content\">\n<p>Name: Stefan<br>Beruf: Koch<br>Dabei: Kochmann auf Ameland: 2010<br>Lagerleitung: 2016<br>Ferienlager auf Ameland ist f\u00fcr mich: 14 tolle Tage mit den Kindern und einem super K\u00fcchen und Betreuer Team..<br>Ich als Lagerleitung: Das sollen andere Beurteilen &#x1f605;.<br>Lieblings -Meerestier: Der Taschenkrebs<\/p>\n\n\n\n<p><\/p>\n\n\n\n<p><\/p>\n<\/div><\/div>\n\n\n\n<p>\u00a0<\/p>\n<p>\u00a0<\/p>\n\n\n\n<div class=\"wp-block-media-text alignwide is-stacked-on-mobile\"><figure class=\"wp-block-media-text__media\"><img loading=\"lazy\" decoding=\"async\" width=\"768\" height=\"1024\" src=\"http:\/\/franziskus-ameland.de\/wp-content\/uploads\/2024\/03\/Andi-768x1024.jpeg\" alt=\"\" class=\"wp-image-1708 size-full\" srcset=\"http:\/\/franziskus-ameland.de\/wp-content\/uploads\/2024\/03\/Andi-768x1024.jpeg 768w, http:\/\/franziskus-ameland.de\/wp-content\/uploads\/2024\/03\/Andi-225x300.jpeg 225w, http:\/\/franziskus-ameland.de\/wp-content\/uploads\/2024\/03\/Andi-1152x1536.jpeg 1152w, http:\/\/franziskus-ameland.de\/wp-content\/uploads\/2024\/03\/Andi.jpeg 1200w\" sizes=\"(max-width: 768px) 100vw, 768px\" \/><\/figure><div class=\"wp-block-media-text__content\">\n<p>Name: Andreas<br>Beruf: Bauingenieur<br>Dabei seit: 2014<br>Ferienlager auf Ameland ist die beste Zeit im Jahr!<br>Der beste Lagerklassiker: Betreuersuchspiel<br>Ich als Betreuer in einem Wort: sandscheu<br>Lieblings-Meerestier: Narwal<\/p>\n<\/div><\/div>\n\n\n\n<p>\u00a0<\/p>\n<p>\u00a0<\/p>\n\n\n\n<div class=\"wp-block-media-text alignwide is-stacked-on-mobile\"><figure class=\"wp-block-media-text__media\"><img loading=\"lazy\" decoding=\"async\" width=\"761\" height=\"1024\" src=\"http:\/\/franziskus-ameland.de\/wp-content\/uploads\/2024\/03\/Marie-761x1024.jpeg\" alt=\"\" class=\"wp-image-1693 size-full\" srcset=\"http:\/\/franziskus-ameland.de\/wp-content\/uploads\/2024\/03\/Marie-761x1024.jpeg 761w, http:\/\/franziskus-ameland.de\/wp-content\/uploads\/2024\/03\/Marie-223x300.jpeg 223w, http:\/\/franziskus-ameland.de\/wp-content\/uploads\/2024\/03\/Marie-768x1034.jpeg 768w, http:\/\/franziskus-ameland.de\/wp-content\/uploads\/2024\/03\/Marie.jpeg 1125w\" sizes=\"(max-width: 761px) 100vw, 761px\" \/><\/figure><div class=\"wp-block-media-text__content\">\n<p>Name: Marie<br>Beruf: Lehramtsstudentin<br>Dabei seit: 2024<br>Ferienlager auf Ameland ist \u2026: meine liebste Urlaubserinnerung<br>Der beste Lagerklassiker:<br>Nellie the Elephant und Wasserschlachten<br>Ich als Betreuer in einem Wort: \u00dc-Ei und schwarzesSchaf<br>Lieblings-Meerestier: Seepferdchen und Delfin<\/p>\n<\/div><\/div>\n\n\n\n<p>\u00a0<\/p>\n<p>\u00a0<\/p>\n\n\n\n<div class=\"wp-block-media-text alignwide is-stacked-on-mobile\"><figure class=\"wp-block-media-text__media\"><img loading=\"lazy\" decoding=\"async\" width=\"768\" height=\"1024\" src=\"http:\/\/franziskus-ameland.de\/wp-content\/uploads\/2024\/03\/WhatsApp-Image-2024-03-04-at-08.00.53-768x1024.jpeg\" alt=\"\" class=\"wp-image-1736 size-full\" srcset=\"http:\/\/franziskus-ameland.de\/wp-content\/uploads\/2024\/03\/WhatsApp-Image-2024-03-04-at-08.00.53-768x1024.jpeg 768w, http:\/\/franziskus-ameland.de\/wp-content\/uploads\/2024\/03\/WhatsApp-Image-2024-03-04-at-08.00.53-225x300.jpeg 225w, http:\/\/franziskus-ameland.de\/wp-content\/uploads\/2024\/03\/WhatsApp-Image-2024-03-04-at-08.00.53-1152x1536.jpeg 1152w, http:\/\/franziskus-ameland.de\/wp-content\/uploads\/2024\/03\/WhatsApp-Image-2024-03-04-at-08.00.53.jpeg 1200w\" sizes=\"(max-width: 768px) 100vw, 768px\" \/><\/figure><div class=\"wp-block-media-text__content\">\n<p>Name: Gordon<br>Beruf: Industriemechaniker<br>Dabei seit: 1998<br>Ferienlager auf Ameland ist immer ganz wenig Schlaf aber ganz viel Spa\u00df.<br>Der beste Lagerklassiker: Der erste Abend am Strand<br>Ich als Betreuer in einem Wort: dermannf\u00fcrsgrobe<\/p>\n<\/div><\/div>\n\n\n\n<p><\/p>\n\n\n\n<div class=\"wp-block-media-text alignwide is-stacked-on-mobile\"><figure class=\"wp-block-media-text__media\"><img loading=\"lazy\" decoding=\"async\" width=\"826\" height=\"1024\" src=\"http:\/\/franziskus-ameland.de\/wp-content\/uploads\/2024\/03\/WhatsApp-Image-2024-03-03-at-15.58.47-826x1024.jpeg\" alt=\"\" class=\"wp-image-1730 size-full\" srcset=\"http:\/\/franziskus-ameland.de\/wp-content\/uploads\/2024\/03\/WhatsApp-Image-2024-03-03-at-15.58.47-826x1024.jpeg 826w, http:\/\/franziskus-ameland.de\/wp-content\/uploads\/2024\/03\/WhatsApp-Image-2024-03-03-at-15.58.47-242x300.jpeg 242w, http:\/\/franziskus-ameland.de\/wp-content\/uploads\/2024\/03\/WhatsApp-Image-2024-03-03-at-15.58.47-768x952.jpeg 768w, http:\/\/franziskus-ameland.de\/wp-content\/uploads\/2024\/03\/WhatsApp-Image-2024-03-03-at-15.58.47.jpeg 1117w\" sizes=\"(max-width: 826px) 100vw, 826px\" \/><\/figure><div class=\"wp-block-media-text__content\">\n<p><\/p>\n\n\n\n<p>Name: Lisa<br>Beruf: Fachintensivpflegerin<br>Dabei seit: 2022<br>Ferienlager auf Ameland ist \u2026: 2 Wochen Spiel, Spa\u00df und Freude<br>Der beste Lagerklassiker: Spontandisco<br>Ich als Betreuer in einem Wort: Mittelfeldmotor<br>Lieblings-Meerestier: Seerobbe<\/p>\n<\/div><\/div>\n\n\n\n<p>\u00a0<\/p>\n<p>\u00a0<\/p>\n\n\n\n<div class=\"wp-block-media-text alignwide is-stacked-on-mobile\"><figure class=\"wp-block-media-text__media\"><img loading=\"lazy\" decoding=\"async\" width=\"687\" height=\"1024\" src=\"http:\/\/franziskus-ameland.de\/wp-content\/uploads\/2024\/03\/WhatsApp-Image-2024-03-03-at-15.51.10-687x1024.jpeg\" alt=\"\" class=\"wp-image-1732 size-full\" srcset=\"http:\/\/franziskus-ameland.de\/wp-content\/uploads\/2024\/03\/WhatsApp-Image-2024-03-03-at-15.51.10-687x1024.jpeg 687w, http:\/\/franziskus-ameland.de\/wp-content\/uploads\/2024\/03\/WhatsApp-Image-2024-03-03-at-15.51.10-201x300.jpeg 201w, http:\/\/franziskus-ameland.de\/wp-content\/uploads\/2024\/03\/WhatsApp-Image-2024-03-03-at-15.51.10-768x1144.jpeg 768w, http:\/\/franziskus-ameland.de\/wp-content\/uploads\/2024\/03\/WhatsApp-Image-2024-03-03-at-15.51.10.jpeg 782w\" sizes=\"(max-width: 687px) 100vw, 687px\" \/><\/figure><div class=\"wp-block-media-text__content\">\n<p>Name: Theresa<br>Beruf: Grafikdesignerin<br>Dabei seit: 2018<br>Ferienlager auf Ameland ist \u2026: immer eine richtige tolle Zeit &#x2728;&#x1f973;<br>Der beste Lagerklassiker: Sandburgenwettbewerb<br>Ich als Betreuer in einem Wort: Bastelqueen<br>Lieblings-Meerestier: Seepferdchen<\/p>\n\n\n\n<p><\/p>\n<\/div><\/div>\n\n\n\n<p>\u00a0<\/p>\n<p>\u00a0<\/p>\n<p>\u00a0<\/p>\n\n\n\n<div class=\"wp-block-media-text alignwide is-stacked-on-mobile\"><figure class=\"wp-block-media-text__media\"><img loading=\"lazy\" decoding=\"async\" width=\"520\" height=\"1024\" src=\"http:\/\/franziskus-ameland.de\/wp-content\/uploads\/2024\/03\/WhatsApp-Image-2024-03-03-at-17.12.58-520x1024.jpeg\" alt=\"\" class=\"wp-image-1734 size-full\" srcset=\"http:\/\/franziskus-ameland.de\/wp-content\/uploads\/2024\/03\/WhatsApp-Image-2024-03-03-at-17.12.58-520x1024.jpeg 520w, http:\/\/franziskus-ameland.de\/wp-content\/uploads\/2024\/03\/WhatsApp-Image-2024-03-03-at-17.12.58-152x300.jpeg 152w, http:\/\/franziskus-ameland.de\/wp-content\/uploads\/2024\/03\/WhatsApp-Image-2024-03-03-at-17.12.58.jpeg 738w\" sizes=\"(max-width: 520px) 100vw, 520px\" \/><\/figure><div class=\"wp-block-media-text__content\">\n<p>Name: Manu<br>Beruf: Projekt Engineer<br>Dabei seit: 2000<br>Ferienlager auf Ameland ist \u2026: immer eine ganz tolle Zeit mit tollen Leuten verbringen<br>Der beste Lagerklassiker: Wasserschlachten<br>Ich als Kochfrau in einem Wort: Kartoffelsch\u00e4ler<br>Lieblings-Meerestier: Wattwurm<\/p>\n\n\n\n<p><\/p>\n<\/div><\/div>\n\n\n\n<p>\u00a0<\/p>\n<p>\u00a0<\/p>\n\n\n\n<div class=\"wp-block-media-text alignwide is-stacked-on-mobile\"><figure class=\"wp-block-media-text__media\"><img loading=\"lazy\" decoding=\"async\" width=\"768\" height=\"1024\" src=\"http:\/\/franziskus-ameland.de\/wp-content\/uploads\/2024\/03\/Carla-768x1024.jpeg\" alt=\"\" class=\"wp-image-1713 size-full\" srcset=\"http:\/\/franziskus-ameland.de\/wp-content\/uploads\/2024\/03\/Carla-768x1024.jpeg 768w, http:\/\/franziskus-ameland.de\/wp-content\/uploads\/2024\/03\/Carla-225x300.jpeg 225w, http:\/\/franziskus-ameland.de\/wp-content\/uploads\/2024\/03\/Carla-1152x1536.jpeg 1152w, http:\/\/franziskus-ameland.de\/wp-content\/uploads\/2024\/03\/Carla.jpeg 1536w\" sizes=\"(max-width: 768px) 100vw, 768px\" \/><\/figure><div class=\"wp-block-media-text__content\">\n<p>Name: Carla<br>Beruf: Sozialp\u00e4dagogin<br>Dabei seit: 2022<br>Ferienlager auf Ameland ist \u2026: ein Tr\u00e4umchen<br>Der beste Lagerklassiker: Wei\u00dfbrot mit Nuspli<br>Ich als Betreuer in einem Wort: klein<br>Lieblings-Meerestier: Seepferdchen<\/p>\n\n\n\n<p><\/p>\n<\/div><\/div>\n\n\n\n<p>\u00a0<\/p>\n<p>\u00a0<\/p>\n<p>\u00a0<\/p>\n\n\n\n<div class=\"wp-block-media-text alignwide is-stacked-on-mobile\"><figure class=\"wp-block-media-text__media\"><img loading=\"lazy\" decoding=\"async\" width=\"768\" height=\"1024\" src=\"http:\/\/franziskus-ameland.de\/wp-content\/uploads\/2024\/03\/Marleen.jpeg\" alt=\"\" class=\"wp-image-1695 size-full\" srcset=\"http:\/\/franziskus-ameland.de\/wp-content\/uploads\/2024\/03\/Marleen.jpeg 768w, http:\/\/franziskus-ameland.de\/wp-content\/uploads\/2024\/03\/Marleen-225x300.jpeg 225w\" sizes=\"(max-width: 768px) 100vw, 768px\" \/><\/figure><div class=\"wp-block-media-text__content\">\n<p>Name: Leni<br>Beruf: Studentin Soziale Arbeit<br>Dabei seit: 2022<br>Ferienlager auf Ameland ist: eine unvergessliche Zeit!<br>Der beste Lagerklassiker: Spontan Disco<br>Ich als Betreuer in einem Wort: sponti<br>Lieblings-Meerestier: Robben<\/p>\n\n\n\n<p><\/p>\n<\/div><\/div>\n\n\n\n<p>\u00a0<\/p>\n<p>\u00a0<\/p>\n<p>\u00a0<\/p>\n\n\n\n<div class=\"wp-block-media-text alignwide is-stacked-on-mobile\"><figure class=\"wp-block-media-text__media\"><img loading=\"lazy\" decoding=\"async\" width=\"768\" height=\"1024\" src=\"http:\/\/franziskus-ameland.de\/wp-content\/uploads\/2022\/01\/louis-768x1024.jpeg\" alt=\"\" class=\"wp-image-1166 size-full\" srcset=\"http:\/\/franziskus-ameland.de\/wp-content\/uploads\/2022\/01\/louis-768x1024.jpeg 768w, http:\/\/franziskus-ameland.de\/wp-content\/uploads\/2022\/01\/louis-225x300.jpeg 225w, http:\/\/franziskus-ameland.de\/wp-content\/uploads\/2022\/01\/louis-1152x1536.jpeg 1152w, http:\/\/franziskus-ameland.de\/wp-content\/uploads\/2022\/01\/louis.jpeg 1200w\" sizes=\"(max-width: 768px) 100vw, 768px\" \/><\/figure><div class=\"wp-block-media-text__content\">\n<p>Name: Louis<br>Beruf: Elektroniker<br>Dabei seit: 2022<br>Ferienlager auf Ameland ist \u2026. : starker Zusammenhalt<br>Der beste Lagerklassiker: SALI BONANI und alle Variationen<br>Ich als Betreuer in einem Wort: Unkaputtbar<br>Lieblings-Meerestier: Risenkalmar<\/p>\n\n\n\n<p><\/p>\n<\/div><\/div>\n\n\n\n<p>\u00a0<\/p>\n<p>\u00a0<\/p>\n\n\n\n<div class=\"wp-block-media-text alignwide is-stacked-on-mobile\"><figure class=\"wp-block-media-text__media\"><img loading=\"lazy\" decoding=\"async\" width=\"577\" height=\"1024\" src=\"http:\/\/franziskus-ameland.de\/wp-content\/uploads\/2024\/03\/Marius-577x1024.jpeg\" alt=\"\" class=\"wp-image-1712 size-full\" srcset=\"http:\/\/franziskus-ameland.de\/wp-content\/uploads\/2024\/03\/Marius-577x1024.jpeg 577w, http:\/\/franziskus-ameland.de\/wp-content\/uploads\/2024\/03\/Marius-169x300.jpeg 169w, http:\/\/franziskus-ameland.de\/wp-content\/uploads\/2024\/03\/Marius-768x1363.jpeg 768w, http:\/\/franziskus-ameland.de\/wp-content\/uploads\/2024\/03\/Marius-866x1536.jpeg 866w, http:\/\/franziskus-ameland.de\/wp-content\/uploads\/2024\/03\/Marius.jpeg 1154w\" sizes=\"(max-width: 577px) 100vw, 577px\" \/><\/figure><div class=\"wp-block-media-text__content\">\n<p>Name: Marius<br>Beruf: Industriemechaniker<br>Dabei seit: 2022<br>Ferienlager auf Ameland ist immer eine gute spa\u00dfige Zeit.<br>Der beste Lagerklassiker: Das Sch\u00fctzenfest<br>Ich als Betreuer in einem Wort: entspannt<br>Lieblings-Meerestier: Krabben<\/p>\n\n\n\n<p><\/p>\n<\/div><\/div>\n\n\n\n<p>\u00a0<\/p>\n<p>\u00a0<\/p>\n\n\n\n<div class=\"wp-block-media-text alignwide is-stacked-on-mobile\"><figure class=\"wp-block-media-text__media\"><img loading=\"lazy\" decoding=\"async\" width=\"768\" height=\"1024\" src=\"http:\/\/franziskus-ameland.de\/wp-content\/uploads\/2024\/03\/benne-768x1024.jpeg\" alt=\"\" class=\"wp-image-1688 size-full\" srcset=\"http:\/\/franziskus-ameland.de\/wp-content\/uploads\/2024\/03\/benne-768x1024.jpeg 768w, http:\/\/franziskus-ameland.de\/wp-content\/uploads\/2024\/03\/benne-225x300.jpeg 225w, http:\/\/franziskus-ameland.de\/wp-content\/uploads\/2024\/03\/benne-1152x1536.jpeg 1152w, http:\/\/franziskus-ameland.de\/wp-content\/uploads\/2024\/03\/benne.jpeg 1200w\" sizes=\"(max-width: 768px) 100vw, 768px\" \/><\/figure><div class=\"wp-block-media-text__content\">\n<p><\/p>\n\n\n\n<p>Name: Benne <\/p>\n\n\n\n<p>Beruf: Elektrotechniker <\/p>\n\n\n\n<p>Dabei seit: 2008<br>Ferienlager auf Ameland ist \u2026. : eine richtig coole Zeit f\u00fcr die Kids UND Betreuer<br>Der beste Lagerklassiker: Die L\u00f6wenjagd &#8230; <br>Ich als Betreuer in einem Wort: typf\u00fcralles<br>Lieblings-Meerestier: Der Wal im Naturkundemuseum \ud83d\ude42<\/p>\n\n\n\n<p><\/p>\n<\/div><\/div>\n\n\n\n<p>\u00a0<\/p>\n<p>\u00a0<\/p>\n\n\n\n<div class=\"wp-block-media-text alignwide is-stacked-on-mobile\"><figure class=\"wp-block-media-text__media\"><img loading=\"lazy\" decoding=\"async\" width=\"768\" height=\"1024\" src=\"http:\/\/franziskus-ameland.de\/wp-content\/uploads\/2024\/03\/Katja-768x1024.jpeg\" alt=\"\" class=\"wp-image-1697 size-full\" srcset=\"http:\/\/franziskus-ameland.de\/wp-content\/uploads\/2024\/03\/Katja-768x1024.jpeg 768w, http:\/\/franziskus-ameland.de\/wp-content\/uploads\/2024\/03\/Katja-225x300.jpeg 225w, http:\/\/franziskus-ameland.de\/wp-content\/uploads\/2024\/03\/Katja-1152x1536.jpeg 1152w, http:\/\/franziskus-ameland.de\/wp-content\/uploads\/2024\/03\/Katja.jpeg 1200w\" sizes=\"(max-width: 768px) 100vw, 768px\" \/><\/figure><div class=\"wp-block-media-text__content\">\n<p>Name: Katja<br>Beruf: Heilp\u00e4dagogin<br>Dabei seit: 2014<br>Ferienlager auf Ameland ist eine unvergessliche Zeit &#x2600;&#xfe0f;&#x1f970;<br>Der beste Lagerklassiker:<br>L\u00f6wenjagd<br>Ich als (Betreuer)in einem Wort: Lagermutti<br>Lieblings-Meerestier: Wasserschildkr\u00f6te<\/p>\n\n\n\n<p><\/p>\n<\/div><\/div>\n\n\n\n<p>\u00a0<\/p>\n<p>\u00a0<\/p>\n\n\n\n<div class=\"wp-block-media-text alignwide is-stacked-on-mobile\"><figure class=\"wp-block-media-text__media\"><img loading=\"lazy\" decoding=\"async\" width=\"717\" height=\"1024\" src=\"http:\/\/franziskus-ameland.de\/wp-content\/uploads\/2024\/03\/Andy-717x1024.jpeg\" alt=\"\" class=\"wp-image-1694 size-full\" srcset=\"http:\/\/franziskus-ameland.de\/wp-content\/uploads\/2024\/03\/Andy-717x1024.jpeg 717w, http:\/\/franziskus-ameland.de\/wp-content\/uploads\/2024\/03\/Andy-210x300.jpeg 210w, http:\/\/franziskus-ameland.de\/wp-content\/uploads\/2024\/03\/Andy-768x1097.jpeg 768w, http:\/\/franziskus-ameland.de\/wp-content\/uploads\/2024\/03\/Andy-1075x1536.jpeg 1075w, http:\/\/franziskus-ameland.de\/wp-content\/uploads\/2024\/03\/Andy.jpeg 1116w\" sizes=\"(max-width: 717px) 100vw, 717px\" \/><\/figure><div class=\"wp-block-media-text__content\">\n<p>Name: Andreas<br>Beruf: Ausbilder<br>Dabei seit: 2003<br>Ferienlager auf Ameland ist: Eine sch\u00f6ne und unvergessliche Zeit f\u00fcr alle<br>Der beste Lagerklassiker: Wetten Dass???<br>Ich als Kochmann in einem Wort: wiilkeinekartoffelnsch\u00e4len<br>Lieblings-Meerestier: Oktopus<\/p>\n\n\n\n<p><\/p>\n<\/div><\/div>\n\n\n\n<p>\u00a0<\/p>\n<p>\u00a0<\/p>\n\n\n\n<div class=\"wp-block-media-text alignwide is-stacked-on-mobile\"><figure class=\"wp-block-media-text__media\"><img loading=\"lazy\" decoding=\"async\" width=\"768\" height=\"1024\" src=\"http:\/\/franziskus-ameland.de\/wp-content\/uploads\/2024\/03\/Jens-768x1024.jpeg\" alt=\"\" class=\"wp-image-1690 size-full\" srcset=\"http:\/\/franziskus-ameland.de\/wp-content\/uploads\/2024\/03\/Jens-768x1024.jpeg 768w, http:\/\/franziskus-ameland.de\/wp-content\/uploads\/2024\/03\/Jens-225x300.jpeg 225w, http:\/\/franziskus-ameland.de\/wp-content\/uploads\/2024\/03\/Jens-1152x1536.jpeg 1152w, http:\/\/franziskus-ameland.de\/wp-content\/uploads\/2024\/03\/Jens.jpeg 1200w\" sizes=\"(max-width: 768px) 100vw, 768px\" \/><\/figure><div class=\"wp-block-media-text__content\">\n<p>Name: Jens<\/p>\n\n\n\n<p>Beruf: Leitung Beschichtung. <\/p>\n\n\n\n<p>Dabei: Betreuer 2008, Kochmann 2022 Ferienlager auf Ameland ist f\u00fcr mich: Kindheitserinnerung. <\/p>\n\n\n\n<p>Ich als Kochmann in einem Wort: Wo lecker besser schmeckt. <\/p>\n\n\n\n<p>Lieblings-Meerestier: Fischst\u00e4bchen<\/p>\n\n\n\n<p><\/p>\n<\/div><\/div>\n\n\n\n<p>\u00a0<\/p>\n<p>\u00a0<\/p>\n\n\n\n<div class=\"wp-block-media-text alignwide is-stacked-on-mobile\"><figure class=\"wp-block-media-text__media\"><img loading=\"lazy\" decoding=\"async\" width=\"817\" height=\"1024\" src=\"http:\/\/franziskus-ameland.de\/wp-content\/uploads\/2024\/03\/Middi-817x1024.jpeg\" alt=\"\" class=\"wp-image-1689 size-full\" srcset=\"http:\/\/franziskus-ameland.de\/wp-content\/uploads\/2024\/03\/Middi-817x1024.jpeg 817w, http:\/\/franziskus-ameland.de\/wp-content\/uploads\/2024\/03\/Middi-239x300.jpeg 239w, http:\/\/franziskus-ameland.de\/wp-content\/uploads\/2024\/03\/Middi-768x963.jpeg 768w, http:\/\/franziskus-ameland.de\/wp-content\/uploads\/2024\/03\/Middi.jpeg 935w\" sizes=\"(max-width: 817px) 100vw, 817px\" \/><\/figure><div class=\"wp-block-media-text__content\">\n<p>Name: Henrik<br>Beruf: Sozialarbeiter und werdender Lehrer<br>Dabei seit: Betreuer seit 2014<br>Ferienlager auf Ameland ist Randale<br>Der beste Lagerklassiker: guten morgen liebe Sorgen<br>Ich als Betreuer in einem Wort: anstrengend<br>Lieblings-Meerestier: Heilbutt und Miesmuschel<\/p>\n\n\n\n<p><\/p>\n<\/div><\/div>\n\n\n\n<p>\u00a0<\/p>\n<p>\u00a0<\/p>\n\n\n\n<div class=\"wp-block-media-text alignwide is-stacked-on-mobile\"><figure class=\"wp-block-media-text__media\"><img loading=\"lazy\" decoding=\"async\" width=\"774\" height=\"1024\" src=\"http:\/\/franziskus-ameland.de\/wp-content\/uploads\/2024\/03\/Tessa-774x1024.jpeg\" alt=\"\" class=\"wp-image-1710 size-full\" srcset=\"http:\/\/franziskus-ameland.de\/wp-content\/uploads\/2024\/03\/Tessa-774x1024.jpeg 774w, http:\/\/franziskus-ameland.de\/wp-content\/uploads\/2024\/03\/Tessa-227x300.jpeg 227w, http:\/\/franziskus-ameland.de\/wp-content\/uploads\/2024\/03\/Tessa-768x1016.jpeg 768w, http:\/\/franziskus-ameland.de\/wp-content\/uploads\/2024\/03\/Tessa-1162x1536.jpeg 1162w, http:\/\/franziskus-ameland.de\/wp-content\/uploads\/2024\/03\/Tessa.jpeg 1210w\" sizes=\"(max-width: 774px) 100vw, 774px\" \/><\/figure><div class=\"wp-block-media-text__content\">\n<p>Name: Tessa<br>Beruf: Lehramtstudentin<br>Dabei: drei mal als Lagerkind, 2024 erstes mal als Betreuerin<br>Ferienlager auf Ameland sind\u2026: Momente f\u00fcrs Leben<br>Der beste Lagerklassiker: D\u00fcnenspringen<br>Ich als Betreuer in einem Wort:<br>Kreativmaus<br>Liebling-Meerestier: Robben<\/p>\n\n\n\n<p><\/p>\n<\/div><\/div>\n\n\n\n<p>\u00a0<\/p>\n<p>\u00a0<\/p>\n<p>\u00a0<\/p>\n\n\n\n<div class=\"wp-block-media-text alignwide is-stacked-on-mobile\"><figure class=\"wp-block-media-text__media\"><img loading=\"lazy\" decoding=\"async\" width=\"375\" height=\"667\" src=\"http:\/\/franziskus-ameland.de\/wp-content\/uploads\/2024\/03\/WhatsApp-Image-2024-03-04-at-14.48.19.jpeg\" alt=\"\" class=\"wp-image-1727 size-full\" srcset=\"http:\/\/franziskus-ameland.de\/wp-content\/uploads\/2024\/03\/WhatsApp-Image-2024-03-04-at-14.48.19.jpeg 375w, http:\/\/franziskus-ameland.de\/wp-content\/uploads\/2024\/03\/WhatsApp-Image-2024-03-04-at-14.48.19-169x300.jpeg 169w\" sizes=\"(max-width: 375px) 100vw, 375px\" \/><\/figure><div class=\"wp-block-media-text__content\">\n<p>Name: Beate Beruf: Heilerziehungspflegerin<br>Dabei seit 2022 als Kochfrau, war fr\u00fcher Lagerkind &amp; Betreuerin Ferienlager auf Ameland ist\u2026: Sommer, Sonne, Meer &amp; gl\u00fcckliche Kinder<br>Der beste Lagerklassiker: Lagerfeuer am Strand<br>Ich als Kochfrau in einem Wort: Erdbeermarmeladenmanufaktur<br>Lieblingsmeerestier: Muschel<\/p>\n\n\n\n<p><\/p>\n<\/div><\/div>\n\n\n\n<p>\u00a0<\/p>\n<p>\u00a0<\/p>\n\n\n\n<div class=\"wp-block-media-text alignwide is-stacked-on-mobile\"><figure class=\"wp-block-media-text__media\"><img loading=\"lazy\" decoding=\"async\" width=\"461\" height=\"1024\" src=\"http:\/\/franziskus-ameland.de\/wp-content\/uploads\/2024\/03\/Jonas-461x1024.jpeg\" alt=\"\" class=\"wp-image-1696 size-full\" srcset=\"http:\/\/franziskus-ameland.de\/wp-content\/uploads\/2024\/03\/Jonas-461x1024.jpeg 461w, http:\/\/franziskus-ameland.de\/wp-content\/uploads\/2024\/03\/Jonas-135x300.jpeg 135w, http:\/\/franziskus-ameland.de\/wp-content\/uploads\/2024\/03\/Jonas-691x1536.jpeg 691w, http:\/\/franziskus-ameland.de\/wp-content\/uploads\/2024\/03\/Jonas.jpeg 720w\" sizes=\"(max-width: 461px) 100vw, 461px\" \/><\/figure><div class=\"wp-block-media-text__content\">\n<p>Name: Jonas<br>Beruf: Industriemechaniker<br>Dabei seit: 2022<br>Ferienlager auf Ameland ist immer eine sch\u00f6ne und aufregende zeit.<br>Der beste Lagerklassiker: Das Lied &#8222;Ein Hund kam in die K\u00fcche&#8220;.<br>Ich als Betreuer in einen Wort: Hilfsbereit<br>Lieblings-Meerestier: Mantis-Shrimp<\/p>\n\n\n\n<p><\/p>\n<\/div><\/div>\n\n\n\n\n\n<p>\u00a0<\/p>\n<p>\u00a0<\/p>\n\n\n\n<div class=\"wp-block-media-text alignwide is-stacked-on-mobile\"><figure class=\"wp-block-media-text__media\"><img loading=\"lazy\" decoding=\"async\" width=\"517\" height=\"1024\" src=\"http:\/\/franziskus-ameland.de\/wp-content\/uploads\/2024\/03\/Titus-517x1024.jpeg\" alt=\"\" class=\"wp-image-1711 size-full\" srcset=\"http:\/\/franziskus-ameland.de\/wp-content\/uploads\/2024\/03\/Titus-517x1024.jpeg 517w, http:\/\/franziskus-ameland.de\/wp-content\/uploads\/2024\/03\/Titus-151x300.jpeg 151w, http:\/\/franziskus-ameland.de\/wp-content\/uploads\/2024\/03\/Titus-768x1521.jpeg 768w, http:\/\/franziskus-ameland.de\/wp-content\/uploads\/2024\/03\/Titus-776x1536.jpeg 776w, http:\/\/franziskus-ameland.de\/wp-content\/uploads\/2024\/03\/Titus.jpeg 1034w\" sizes=\"(max-width: 517px) 100vw, 517px\" \/><\/figure><div class=\"wp-block-media-text__content\">\n<p>Name: Titus <\/p>\n\n\n\n<p>Beruf: Mechatroniker Dabei seit: 2015 Ferienlager auf Ameland ist \u2026: Immer wieder sch\u00f6n <\/p>\n\n\n\n<p>Der beste Lagerklassiker: Betreuersuchspiel Ich als Betreuer in einem Wort: Kann ich noch garnicht sagen <\/p>\n\n\n\n<p>Lieblings-Meerestier: Schildkr\u00f6te<\/p>\n\n\n\n<p><\/p>\n<\/div><\/div>\n\n\n","protected":false},"excerpt":{"rendered":"<p>Name: StefanBeruf: KochDabei: Kochmann auf Ameland: 2010Lagerleitung: 2016Ferienlager auf Ameland ist f\u00fcr mich: 14 tolle Tage&#8230;<\/p>\n","protected":false},"author":1,"featured_media":0,"parent":0,"menu_order":0,"comment_status":"closed","ping_status":"closed","template":"","meta":{"ngg_post_thumbnail":0,"footnotes":""},"class_list":["post-1239","page","type-page","status-publish","hentry"],"_links":{"self":[{"href":"http:\/\/franziskus-ameland.de\/index.php?rest_route=\/wp\/v2\/pages\/1239"}],"collection":[{"href":"http:\/\/franziskus-ameland.de\/index.php?rest_route=\/wp\/v2\/pages"}],"about":[{"href":"http:\/\/franziskus-ameland.de\/index.php?rest_route=\/wp\/v2\/types\/page"}],"author":[{"embeddable":true,"href":"http:\/\/franziskus-ameland.de\/index.php?rest_route=\/wp\/v2\/users\/1"}],"replies":[{"embeddable":true,"href":"http:\/\/franziskus-ameland.de\/index.php?rest_route=%2Fwp%2Fv2%2Fcomments&post=1239"}],"version-history":[{"count":39,"href":"http:\/\/franziskus-ameland.de\/index.php?rest_route=\/wp\/v2\/pages\/1239\/revisions"}],"predecessor-version":[{"id":1740,"href":"http:\/\/franziskus-ameland.de\/index.php?rest_route=\/wp\/v2\/pages\/1239\/revisions\/1740"}],"wp:attachment":[{"href":"http:\/\/franziskus-ameland.de\/index.php?rest_route=%2Fwp%2Fv2%2Fmedia&parent=1239"}],"curies":[{"name":"wp","href":"https:\/\/api.w.org\/{rel}","templated":true}]}}